836706 + 4221759. Is b composite?
False
Suppose -3*x - 2*b = -164013, 3*x - 163992 = 3*b + 2*b. Is x a composite number?
True
Let f = 113537 + -77167. Suppose 5*t + 29067 = 4*o, 8*o = 3*o - t + f. Is o composite?
True
Let s(w) = w**2 + 11*w + 21. Let l be s(-3). Let u(k) = 37*k**2 + 6*k + 22. Is u(l) a composite number?
False
Suppose -3*f = 3, 0 = -4*n + 4*f - 275558 + 1343014. Is n a prime number?
True
Is (400025 + -114)*(-1 - -2)*(1 + 0) a composite number?
False
Let x(o) = 2*o**3 - 16*o**2 - 29*o - 301. Is x(32) prime?
False
Suppose -37549 - 12123 = -8*w. Suppose 7*i = 14*i - w. Is i a composite number?
False
Let r(d) = -696*d - 2441. Is r(-65) a composite number?
True
Let q = -119 - -121. Let r be (5/q + -2)*-2. Is 3880/32*(2 - 2/r) composite?
True
Let g(m) = -295*m - 2. Let k(d) = -590*d - 4. Let v(l) = 7*g(l) - 4*k(l). Let z(s) = -4*s**2 - 65*s - 13. Let o be z(-16). Is v(o) prime?
True
Let y(c) be the third derivative of c**4/8 - 2*c**3/3 + 16*c**2. Let o be y(8). Suppose -21*i + 331 = -o*i. Is i prime?
True
Is (-182)/3913 + 2867502/86 composite?
False
Suppose 19940 = 14*h - 860534. Is h prime?
False
Suppose 594 = 36*b + 666. Let c(u) = 57*u + 11. Let i(a) = 56*a + 11. Let o(m) = -7*c(m) + 6*i(m). Is o(b) a composite number?
True
Suppose -41*s + 11838698 - 456811 = 0. Is s prime?
False
Let x = -106307 + 225306. Is x a composite number?
True
Let i(p) = 1854*p**2 + 21*p + 14. Is i(5) a prime number?
False
Let i(q) = -3*q - 92. Let j(d) = 3*d + 92. Let h(w) = 3*i(w) + 4*j(w). Is h(-10) a composite number?
True
Suppose 0 = -3*f - 7*m + 147773, 9*f - 5*f = 5*m + 197002. Is f composite?
False
Suppose 775297 = 4*n - 5*j - 65766, 0 = 3*n + 2*j - 630757. Is n a composite number?
False
Let b be (-6 + 22536 - 1) + 6. Suppose 0 = 61*n - b - 8514. Is n composite?
False
Let k(t) = -t**3 + 24*t**2 + 29*t + 66. Let s be k(29). Is (3 + 1 - 3)/((-2)/s) a composite number?
True
Suppose 228396 = 7*o + 7*o. Is (-85)/(-34)*o/15 composite?
False
Suppose 77*h - 1480476 = 73*h. Is h composite?
True
Suppose -1086501 = 116*o - 10608129. Is o composite?
True
Let d = 45 - 36. Suppose 21 = 4*t + d. Suppose -5*q = 2*h - 387, 7*h + 5*q - 769 = t*h. Is h a prime number?
True
Let o = 62 + 326. Let c(n) = -n**3 - 30*n**2 + 32*n + 38. Let j be c(-31). Suppose -3*m + j*m = o. Is m prime?
True
Suppose -2557 - 4673 = -3*r + 4*l, -5*l - 7227 = -3*r. Suppose -4*j + 5*j - 2412 = -i, -i = 3*j - r. Is i prime?
True
Suppose 0 = -29*y + 30*y - 1019. Suppose 3*w + 5*g - 3022 = 0, w + 6*g - 2*g - y = 0. Is (-12)/9*(3 + w/(-2)) a composite number?
True
Let c = 18633 - 8102. Is c a composite number?
False
Let f be (-4 + 3 - 0)*(-1 + 1). Suppose -3*v + f*l + 48020 = -l, 3*v + 5*l = 48008. Suppose -11*y + v - 1409 = 0. Is y prime?
True
Suppose 2*d - 4 = d. Suppose -2*n + 2*g + 1357 = 3*g, 4*g + d = 0. Suppose -n = -6*a - a. Is a composite?
False
Let k = -618608 + 2061711. Is k a composite number?
False
Let t = 17515 + -5829. Suppose -2*g + t = 3484. Let i = 6182 - g. Is i composite?
False
Let z be (10/4)/((-60)/(-96)). Is (12/(-6))/(z/(-6)) + 1171 a prime number?
False
Suppose -4*j = -3*d + 67283, -d + 3*j = j - 22431. Suppose 0 = 10*w - 96511 + d. Is w a composite number?
True
Let s = 203 - 198. Is (1/5)/(s/27175) composite?
False
Let w(z) = 1349*z**2 + 2*z + 6. Let f be w(-2). Let y = f + -53. Suppose -y + 1202 = -3*t. Is t a composite number?
False
Let t = 472401 + -324482. Is t a composite number?
False
Let i = -57 - -62. Suppose i*c = 8*c + 45. Let m(p) = 3*p**2 + 22*p + 14. Is m(c) a prime number?
True
Is (40286/15)/((-8)/12)*(-4 - 1) prime?
True
Suppose -2*m - 8*x + 9*x = -1971, -4*x + 2962 = 3*m. Suppose 30*z - m = 1024. Is z a prime number?
True
Suppose -133*m + 12370427 = 16*m. Is m composite?
False
Let m(u) = 46*u + 5. Let z be m(0). Let d be (2 + -1)*(1 + 1). Suppose z*x = w + 1582, 957 = 4*x - x + d*w. Is x a composite number?
False
Suppose -4*d = -10*d + 113310. Is 2/(0 - (-6)/d) a composite number?
True
Suppose 0 = 80*d + 32*d - 2935566 - 3549010. Is d a prime number?
False
Let v be 2235 + -1 - (2 + 1). Suppose -5*a + v = -3*o, -4*a - 3*o + 1457 + 317 = 0. Is a a prime number?
False
Let a be -70*(2 + (-966)/(-4)). Let i be -3 - (-1 + 9 - 17). Is (a/14)/((-3)/i) composite?
True
Is ((48148/36)/(2/18))/(0 + 1) prime?
True
Let q(y) = -12*y + 6. Suppose -3*m - 5*f - 19 = 0, -4*m - 1 - 1 = 2*f. Let k be q(m). Is (-1215)/k + ((-30)/(-4))/5 a prime number?
False
Let d(w) = 878*w**2 + 301*w - 23. Is d(8) a composite number?
True
Suppose -32 + 22 = -10*r. Is r/((-128950)/42985 + 3) a prime number?
True
Suppose -20 = 4*w, 4*t + 4*w + 56414 = 16874. Let v = t - -16401. Is v a prime number?
True
Let j(b) = -b + 1. Let n(y) = 205*y + 38. Let c(z) = -2*j(z) - n(z). Let u be c(-10). Suppose 7*x + u = 10229. Is x a composite number?
True
Suppose 0 = 4*v + 13*i - 14*i - 8894221, -v + i + 2223550 = 0. Is v a prime number?
False
Suppose 4*s + 159 = 175. Suppose -7*x - s*x = -30371. Is x a composite number?
True
Suppose -2*j - 7151 = r - 4*r, 2*r + 3*j - 4763 = 0. Suppose 5*w - 12*t = -17*t + 2670, 3*t + 1614 = 3*w. Let v = r - w. Is v a prime number?
True
Suppose -2*t + 192153 = 10*b - 451741, -t + 321947 = 3*b. Is t a prime number?
True
Suppose -51*q = -54*q + 3*l + 253149, -5*q = -3*l - 421903. Is q a prime number?
True
Let v be (3/(-2)*2)/1. Is ((-1254)/9 + (-13)/39)*v prime?
True
Let m = -111 + 115. Suppose 1 = m*k + 5. Is (9/15)/(k/(-445)) a composite number?
True
Let j be -32*((-63)/(-14) + -5). Suppose -i + 1859 = 4*m, -2*i = -j*m + 12*m - 3682. Is i composite?
False
Let s(m) = 7*m**3 - 16*m**2 - 19*m - 37. Let b(f) = 6*f**3 - 16*f**2 - 19*f - 38. Let i(q) = 6*b(q) - 5*s(q). Is i(18) prime?
True
Let a(w) = 13*w**2 + 127*w - 43. Let x(f) = 6*f**2 + 59*f - 22. Let p(b) = -4*a(b) + 9*x(b). Let z(k) = -3*k + 5. Let i be z(8). Is p(i) composite?
True
Suppose 28 - 33 = -k. Suppose a = k*v + 1169 + 2330, -3*a - 2*v = -10497. Is a composite?
False
Let n(f) = -f**2 + 8*f - 10. Let h be n(7). Is (8/(-16))/(-1*h/(-2874)) a composite number?
False
Suppose 6*k + 641 = 4*k - 5*z, 5*z + 1580 = -5*k. Suppose -380 = 2*t + 5*c, 0*c - 616 = 3*t - 4*c. Let r = t - k. Is r a prime number?
True
Suppose 0 = 27*n - 7*n - 100. Is (4 - n)*-5 - -10988 a composite number?
False
Let c(x) = 1216*x**2 - 613*x + 4841. Is c(8) composite?
False
Let k be 22048 + (-4)/(1 + -3). Suppose 4*c = -c + k. Suppose 4*u - 5*a = 4057 - 534, -5*u + c = -5*a. Is u a prime number?
True
Let w(u) = 3850*u - 71. Let q be w(8). Suppose -5*d = 4*t - 40972, 0 = 3*t + 6*d - 5*d - q. Is t a prime number?
True
Is 2/(-1)*(3779475/(-30) - -36) prime?
True
Suppose -70*f + 131406 = -82584. Is f a composite number?
True
Suppose 0 = d - 5, 0 = 5*a + 3*d + 755 - 3280. Let u = -325 + a. Suppose u + 88 = 5*k. Is k a prime number?
True
Suppose t = 3*t - 5*b + 5312, -4*t - 10624 = 3*b. Let g = t + 3786. Suppose 917 = p - g. Is p a prime number?
False
Let n = -176 - -391. Suppose -2*q + n = -3*q. Is (q/(-20))/(3/36) prime?
False
Suppose c + 0*c + 14 = 0. Let b be (33 + -18)/(10/70). Is (b/c + 0)*958/(-3) composite?
True
Is -163066*1/(-14) + 1005/(-105) + 9 composite?
True
Let t = 212819 + -22212. Is t composite?
False
Suppose 188*p + 4 = 187*p, 0 = 4*t + 4*p - 1261956. Is t a prime number?
True
Is 13634/(-85)*(-4075)/10 a prime number?
False
Suppose -12*c + 6 = -15*c - 3*n, 0 = 5*c - 2*n + 3. Is (-4 - c)/(3/(-17257)) a composite number?
False
Suppose 51 = 4*o - o - t, -o = -5*t - 17. Let z = o + -14. Suppose 0 = -z*x + 92 + 145. Is x composite?
False
Suppose 58*q = 60*q - 5*y - 341372, -3*y = -3*q + 512085. Is q prime?
True
Let f(w) = 361*w**3 - 16*w**2 + 44*w - 52. Is f(9) a composite number?
False
Suppose j = 3*v - 8*v + 35, v + 2*j = -2. Suppose -v = 31*g - 35*g. Suppose -536 = -g*m + 278. Is m composite?
True
Let o be (-8)/(4533/906 - 5). Let n be -4*1 + o + 20. Is -2 - ((1 - -4 - 2) + n) a prime number?
False
Let y(q) = -3042*q - 449. Is y(-26) composite?
False
Let q = -35296 + -22439. Let r = q - -90064. Is r a composite number?
True
Let d be -1*(-11)/(-2) - 6/4. Is 1124 + (-6 - d)/((-1)/3) a prime number?
False
Let a = -11379 - -87772. Is a a composite number?
True
Let h(f) be the second derivative of 46*f**3/3 - 47*f**2/2 + 5*f. Is h(9) a co